/(2/(-96))?
2, 5, 7
Let b(u) = 7*u - 32. Let i(l) be the first derivative of -14*l**2 + 128*l - 40. Let t(f) = -18*b(f) - 4*i(f). What are the prime factors of t(-13)?
2, 3, 41
List the prime factors of ((-6292)/(-3630))/(2/6990).
2, 13, 233
Let d(i) = 95*i**2 - 359*i - 5978. What are the prime factors of d(-18)?
2, 977
Let v be (-58)/(-87) + 10/3. Suppose -v*x - 4210 = -2*i, -x - 5366 - 949 = -3*i. List the prime factors of i.
5, 421
Let y(h) = -h**2 - 7*h - 1. Let k be y(-5). Suppose 5*x - 1 = k*x + 3*r, 0 = -3*x - 5*r - 9. Suppose 125 = -x*w + 409. What are the prime factors of w?
2, 71
Let c(r) be the third derivative of r**6/45 - 3*r**5/40 - r**4/6 + 9*r**3/2 + 16*r**2. Let g(a) be the first derivative of c(a). List the prime factors of g(5).
151
Suppose q = -5*q + 6. Suppose 6*f = -q - 83. List the prime factors of f/63 - (-1174)/18.
5, 13
Let p = 776 - 437. Suppose 5*h - o = 7*h - p, 0 = -5*h - 3*o + 849. List the prime factors of h.
2, 3, 7
Let g(q) = 25*q**2 - q + 1. Let u = -282 - -281. What are the prime factors of g(u)?
3
Let b(w) = w**3 - 11*w - 5. Let j be b(-4). Let s = -90 + j. Let y = 173 + s. List the prime factors of y.
2, 29
Suppose 12*q - 66051 = 846621. What are the prime factors of q?
2, 3, 3169
Let z = -4172 + 7476. What are the prime factors of z?
2, 7, 59
Suppose 104 = -2*o - 226. Let h = o - -275. Suppose -3*v + h = 8. List the prime factors of v.
2, 17
Let d(i) = -987*i - 532. List the prime factors of d(-42).
2, 7, 37, 79
Suppose 5*i + 0*i - 225 = 0. Let z be (-36)/i*(-30)/(-4). List the prime factors of (z/(-45)*-6)/(4/(-1250)).
2, 5
Suppose 56161 = 5*o + 3*t, -o + 11221 = -90*t + 85*t. What are the prime factors of o?
11, 1021
Let y(x) = -x**2 - 12*x + 26. Let q be y(-13). Suppose 0 = q*c - 21*c + 4208. What are the prime factors of c?
2, 263
Suppose -20*x + 18*x = 53*x - 335555. List the prime factors of x.
6101
Suppose 4*n = z - 3070, -13963 = -5*z + 2*n + 1405. What are the prime factors of z?
2, 29, 53
Suppose -6*h + 4*h = -56. Let q = h - 25. Suppose q*v + 16 = 388. What are the prime factors of v?
2, 31
Suppose 37 = m + 64. List the prime factors of (-2 - 1 - 450/m)*81.
3, 41
Let p(g) = 2*g**3 + 161*g**2 + 149*g - 346. What are the prime factors of p(-78)?
2, 7, 659
Let g = -4335 + 6438. Let m = g + -1490. What are the prime factors of m?
613
Let i(b) = -b**2 + 12*b**2 + 2*b**2 + b**2 - b**2 - 12*b. What are the prime factors of i(6)?
2, 3, 11
Suppose -73*k - 16*k + 3713293 = 24*k. What are the prime factors of k?
17, 1933
Suppose -7*i - 12 = -11*i. Suppose 2*w + 4 = 6*w + 4*a, 3*w = i*a + 9. Suppose 3*x - 40 = w*x. List the prime factors of x.
2, 5
Let p(x) = -x + 28. Let w be p(26). Suppose -w*r - 3*m + 3741 = 3*r, 2*m = -r + 751. What are the prime factors of r?
3, 83
Let m(f) be the first derivative of 2*f**3 - 2*f**2 - 15*f + 27. What are the prime factors of m(7)?
251
Let r = 7890 - 1457. List the prime factors of r.
7, 919
Let m = 63 - 3. Let x = 166 - m. Suppose 13*a - 2316 + x = 0. What are the prime factors of a?
2, 5, 17
Suppose o - 45 = -3*r, 0*r + o - 30 = -2*r. Suppose -3*z + 0*s - 12 = -4*s, -5*s + r = 0. Suppose -11*d + d + 560 = z. What are the prime factors of d?
2, 7
Let r be 18/3 - 5/(20/12). Suppose -3*c + r = -0*c, 1010 = 4*h + 2*c. List the prime factors of h.
2, 3, 7
Let y(l) = -l + 4. Let v be y(0). Suppose v*q = -5*b - 478, -602 = 5*q + b + 3*b. Let c = q + 238. What are the prime factors of c?
2, 29
Let d(l) = 33*l - 48. Let t be d(-1). Let b be (165/(-4))/((-2)/8). Let h = b + t. What are the prime factors of h?
2, 3, 7
Let g = 79 + -81. Let m be (-156)/(0 + g) + -2. Suppose m*q - 663 = 73*q. What are the prime factors of q?
13, 17
Let f(g) = 7*g**2 - 137*g + 1100. What are the prime factors of f(77)?
2, 11, 31, 47
Suppose -2*g = 5*h - 59410, 10*h = -3*g + 6*h + 89101. What are the prime factors of g?
5, 5939
Suppose -30 = 20*r - 25*r. Suppose 3*m - 3852 = -3*t, 0 = 5*m - r*m + 4*t + 1299. List the prime factors of m.
3, 11, 13
Let q(u) = 4*u + 166. Let p be q(-43). What are the prime factors of -99*1/2*40/p?
2, 3, 5, 11
Let i(h) = 14*h - 21*h + 13*h - 13. Let j be i(12). What are the prime factors of (-1 - j)*(-14 + 13)?
2, 3, 5
List the prime factors of 4*8583 + (-133)/57*-3.
23, 1493
Let g be -12 + (-5)/((-10)/4). Let z(x) be the second derivative of -x**3 + 33*x**2/2 + 184*x. List the prime factors of z(g).
3, 31
Suppose -3*h + 22147 = -4*p, 4*p - 36901 = -39*h + 34*h. What are the prime factors of h?
11, 61
Let p(z) = -z**2 - 21*z - 75. Let r be p(-16). Suppose r*x = -4*x + 5526. List the prime factors of x.
2, 307
Let z(d) = -36 - 37 + 472*d**2 + 74 + 3*d - 4*d. What are the prime factors of z(1)?
2, 59
Let n(u) = -757*u - 6534. List the prime factors of n(-60).
2, 3, 6481
Let v(y) = 39*y**2 + 24*y - 112. What are the prime factors of v(-18)?
2, 3023
Suppose 4*f = g - 15 - 59, 0 = g + 2. Let o = f - -128. What are the prime factors of o?
109
Let m(n) = -5*n + 13 + n**3 + 14*n + 9*n + 8*n - 13*n**2. Let x be m(8). Let u = -46 - x. What are the prime factors of u?
53
List the prime factors of -1*(0 + 7) + 757452/47.
89, 181
What are the prime factors of (-3 + 1)*5/(-40) + (-976581)/(-76)?
2, 5, 257
What are the prime factors of (2/(((-70)/15)/7))/((-6)/134524)?
2, 13, 199
Let x be (-970)/(-40) + 2/(-8). Let s = x - -26. Suppose s = 6*v - 328. List the prime factors of v.
3, 7
Let d(i) = -675*i**2 - i + 1. Let r be d(2). What are the prime factors of r/(-5) - (39/(-5) + 8)?
2, 3, 5
Let s(u) = -122*u - 26. Suppose 2*x + 1 = 3*p + 11, 4*x = 5*p + 16. What are the prime factors of s(x)?
2, 3
Suppose 57*q - 181484 - 45455 - 54128 = 0. What are the prime factors of q?
4931
Let u(v) = 97*v**2 + 586*v + 39. What are the prime factors of u(-11)?
2, 5, 13, 41
Suppose 137 - 38 = -3*c - 2*q, -4*q + 132 = -4*c. Let s = c + -37. Let f = -13 - s. List the prime factors of f.
3, 19
Let z be -633*(-5)/(-6)*130/(-325). Suppose 4*s - 2*s = 268. Suppose 5*k - s = z. What are the prime factors of k?
3, 23
What are the prime factors of (-1104)/(-690) + (-13272)/(-5)?
2, 83
Let j(u) = -u**2 - 5*u + 6. Let w be j(-5). Let t be 0*(15/(-9) - (1 - 3)). Suppose -p = -4*d - 77, w*d - d + 25 = t. List the prime factors of p.
3, 19
Let h(i) = -3*i**2 + i + 6. Let a be h(-11). Let k = 718 + a. What are the prime factors of k?
2, 5, 7
Suppose -2*v + 2 = w + 11, -5*w - 17 = -4*v. Let t(d) = -d**3 + 4*d**2 + 6*d + 6. Let y be t(6). List the prime factors of w/y + (-562)/(-12).
47
Let o(n) = 6*n**3 + n**2 + 2. Let b be o(-2). Suppose 12*f + 384 = -8*f - 756. Let v = b - f. What are the prime factors of v?
3, 5
Suppose 2*x - 21*b + 13*b = 13172, 0 = x + b - 6591. What are the prime factors of x?
2, 5, 659
Let r(y) = -18*y**2 + 7*y - 15. Let p be r(7). Suppose 61 = 2*a + 1219. Let v = a - p. List the prime factors of v.
269
Let t be 25/2*(-28)/35*-1. Let v = t + 41. List the prime factors of v.
3, 17
Let p(k) = 116*k - 1317. What are the prime factors of p(67)?
5, 1291
Let x = 403 - -121. Let f = 1275 - x. What are the prime factors of f?
751
Suppose -7364 = a - 14*a + 224972. List the prime factors of a.
2, 1117
Let w = -182 - -184. What are the prime factors of -6*(-5 + ((-273)/w - -4))?
3, 5, 11
Suppose 0 = 21*a - 12*a. Suppose 6*n - 1073 + 221 = a. List the prime factors of n.
2, 71
Let r be (-60)/8 + 2/(-4). Let k(z) = -2*z**3 - 9*z**2 + 16*z - 8. What are the prime factors of k(r)?
2, 3, 13
Suppose -20*o - o = 29190. Let i = o + 3136. List the prime factors of i.
2, 3, 97
Let g(j) = j**3 - 6*j**2 + 5*j + 4. Let c be g(5). Suppose -2016 = -2*m - c*m. What are the prime factors of m?
2, 3, 7
Suppose v - 3*n - 1306 = 6977, -v - 3*n = -8271. List the prime factors of v.
3, 31, 89
Suppose -2*l = 4*q - 716, -4*l = -2*q + 7*q - 1432. Suppose -2*n + l = -36. What are the prime factors of n?
197
Let s be (-6)/10 - 33/(-55). Let x(a) = 6*a - 229. Let l(u) = 8*u - 229. Let w(t) = 6*l(t) - 7*x(t). List the prime factors of w(s).
229
Let a = 54623 + -19844. List the prime factors of a.
3, 11593
Suppose 18*c = 23*c - 25. Suppose 0 = -c*b + 2*f - 7, 4*b = -2*f - 8 - 12. List the prime factors of 19 + 1 + 2 + b.
19
Suppose 0 = -23*z - 11*z + 68. List the prime factors of 5 - (-36 + 5 + z).
2, 17
Suppose 5*p = 2*o + 4,